5 + 47 - 36. What is s(9)?
-26
Let k(h) = 8 - 9 + 3*h**3 + h - 2*h**3 - h**2. Let u be k(2). Let z(m) = -m**3 + 3*m**2 + 7*m - 2. What is z(u)?
-17
Let b(u) = -3*u**2 + 9. Let x(c) = -7*c**2 + 10*c + 320 - 12*c - 301. Suppose 4*k + 4 = 2*k. Let v(y) = k*x(y) + 5*b(y). Determine v(5).
2
Let z(c) be the second derivative of -c**3/6 - 9*c**2/2 + 450*c. Suppose -g + 6 = 18. Give z(g).
3
Suppose 10 = -f + r + 8, 2*r = -4*f + 16. Let q(b) be the second derivative of 1/2*b**f + 0 - 2/3*b**3 + 1/12*b**4 - 28*b. Calculate q(-3).
22
Let i(m) = -3*m - 133. Let l(p) = -2*p - 99. Let y(w) = 3*i(w) - 4*l(w). Give y(-4).
1
Let a(q) be the second derivative of -1/6*q**3 - 23*q - 1/12*q**4 + 0 - 1/20*q**5 + 3/2*q**2. Determine a(0).
3
Let l(v) = -6*v**2 - 10*v - 1. Let p(f) = -5*f**2 - 7*f + 1. Let i(c) = -2*l(c) + 3*p(c). Give i(-4).
-39
Let k(r) = -149*r - 8. Let l(p) = 359*p + 20. Let m(q) = -12*k(q) - 5*l(q). Determine m(-7).
45
Let w(i) = -50*i**3 - i - 2 + 48*i**3 + 4*i - 2*i. Let m = 33 - 35. Calculate w(m).
12
Suppose 0 = -z - 2*q + 7, 2*z = z + 3*q + 7. Let i(b) = -11*b**2 - 65 + 135 + 9*b + 5*b**2 + 5*b**2 - 65. Determine i(z).
19
Let h(r) = -12050*r + 12057*r + 810*r**2 - 14 - 814*r**2. What is h(6)?
-116
Let k = 18 - 11. Let p(z) = -z - k*z + 1 + z. Let r(x) = x - 15. Let t be r(13). What is p(t)?
15
Let n(z) = 3*z**2 + 25*z - 40. Let c(d) = -3*d**2 - 39*d + 41. Let u(b) = -3*c(b) - 4*n(b). Give u(8).
-19
Let a(z) = 12*z**2 - 3*z**2 - 8*z**2 - 9. Let v = -78 - -89. Suppose -v = 5*q - 11. Determine a(q).
-9
Let v be ((-26)/(-2) - 2)*2*(-2)/4. Let h(z) = z + 33. Calculate h(v).
22
Let u(p) = -3923*p**2 + 1969*p**2 + 102 + 1955*p**2 + 21*p. Give u(-9).
-6
Let p(k) = 2*k**3 + 6*k**2 - 9. Let x = 3138 - 3142. What is p(x)?
-41
Let o(a) = -a**2 + 13*a - 19. Suppose 0 = -122*n + 95*n + 162. Calculate o(n).
23
Let c(a) = -2*a + 15. Let n = -66 + 66. Let q be 168/36*(3 - n) - 1. Let p(z) = -z + 8. Let b(h) = q*p(h) - 6*c(h). Calculate b(12).
2
Let f(q) = -5*q**3 + 18*q**2 + 42. Let a(b) = -6*b**3 + 19*b**2 + 50. Let n(r) = 4*a(r) - 5*f(r). What is n(14)?
-10
Let d(b) = -5*b**3 - 1 - 43*b + 42*b + 19*b**3. Suppose 0 = j - 2*q + 1, -2*q - 8 = j - 7. Calculate d(j).
-14
Let b(c) = 2*c**2 + 42*c + 209. Let u be ((-1781)/65 + 25)*1*5. What is b(u)?
-7
Let n = 52 - 78. Let m = n - -22. Let z(o) be the second derivative of -o**4/12 - 5*o**3/6 - 3*o**2 + 7*o. Determine z(m).
-2
Let z(n) be the third derivative of -n**5/60 - n**4/24 - n**3/6 + 40*n**2. Let h(m) = -5*m**2 + m - 11. Let u(g) = -h(g) + 4*z(g). Calculate u(4).
3
Let w be (-4 + 4 + -2)*-1. Let k be -2 + (-2 - (-10)/w). Suppose -2*x - k = -7. Let f(q) = -q**3 + 3*q**2 + 4*q - 4. What is f(x)?
8
Let h(k) = -k**2 + 19*k - 67. Suppose -764 + 2884 = 424*r. Determine h(r).
3
Let j(o) = -9*o**3 - 11*o**2 + 2*o - 30. Let y(t) = 8*t**3 + 11*t**2 - t + 31. Let f(w) = -9*j(w) - 10*y(w). Calculate f(12).
8
Let i(h) be the second derivative of h**4/12 + h**3 + 7*h**2/2 + 232*h + 1. Let b be (5/(-3))/(4/12). What is i(b)?
2
Let o = 4995 - 4995. Let d(q) = q**2 + 2*q - 26. Give d(o).
-26
Let f(y) = -2*y**2 - 3 + y + 6 - 4*y**2 - 7. Let i(k) = k**2. Let x be 6/4*12/(-9) + 7. Let l(w) = x*i(w) + f(w). What is l(3)?
-10
Let c(x) = -2*x - 2. Let l(u) = 17*u**2 - 2*u + 3. Let h be l(2). Let d(k) = -2*k**3 - 16 + k**3 + h*k**2 + 0 - 2*k - 76*k**2. Let g be d(-9). Calculate c(g).
-6
Suppose t + 0 = 3. Let a(m) = -18*m + 8. Let f be a(0). Let i(v) = -7 - v**3 + f + 2*v**2 + t*v - v. What is i(3)?
-2
Let s(r) = -7*r**2 + 121*r - 32. Let k be s(17). Let t(c) be the second derivative of -2*c**k + 2/3*c**3 - 17*c + 0. Determine t(6).
20
Let i = -16120 + 16122. Let p(t) = 4*t**2 - 5*t + 3. Give p(i).
9
Let f(v) = v**2 - 11*v - 213. Let j be f(-10). Let a(c) = 23*c + 6. Let y(r) = -11*r - 3. Let g(t) = j*a(t) - 7*y(t). Give g(-2).
-13
Let g(c) = 13*c**2 + 6*c - 14. Let y(n) = 24*n**2 + 11*n - 26. Suppose -15*d + 297 = 12*d. Let q(j) = d*g(j) - 6*y(j). What is q(2)?
-2
Suppose -5*w + 2*n + 24 - 34 = 0, -5*w + 5*n = 10. Let r(h) = -2*h - 6. Calculate r(w).
-2
Let m(k) be the third derivative of -1/120*k**6 + 3/20*k**5 + 1/24*k**4 - 7/3*k**3 - k**2 + 0 + 19*k. What is m(9)?
-5
Let h(i) = -12*i**3 + 2*i + 1. Suppose 2*v = 4*v + 162. Let y = 80 + v. Give h(y).
11
Suppose -3*z + 8*z - 30 = -4*b, 3*b = -4*z + 23. Let c(o) = -2*o + o - 179*o**2 + 367*o**2 - 189*o**2 - z - o. Determine c(3).
-17
Suppose -6*j + 8 + 4 = 0. Let m(v) = 3 + v - j - 2 + v. Let l(q) = q**2 + 6*q + 5. Let h be l(-6). Give m(h).
9
Suppose 179 - 485 = -2*i - 4*n, 0 = -i - 5*n + 168. Let f(b) = 46*b**2 - 13 + 51*b**2 - 10*b + 45*b**2 - i*b**2. What is f(-7)?
8
Let y = -2 - -11. Let m(j) = -j + 1919 + 1741 - 3656. Calculate m(y).
-5
Let z(f) be the first derivative of -9*f**2/2 + 1084. Let y(h) = h**3 + 6*h**2 + 1. Let k be y(-5). Let u(a) = 2*a. Let q(l) = k*u(l) + 6*z(l). Determine q(6).
-12
Let z = 169 + -167. Let v(r) = -43*r**2 + 17*r**z - r**3 - r + 23*r**2 - 4 + 2*r**3. Let h = -3 + 6. Determine v(h).
-7
Let y(h) be the third derivative of -h**7/840 - h**6/60 + 3*h**5/40 + h**4/12 - 3*h**3 + 19*h**2. Let j(f) be the first derivative of y(f). Calculate j(-7).
-12
Let w(d) = -d**3 - 21*d**2 + 4*d - 1. Let h(x) = 2*x**3 + 19*x**2 + 8*x - 30. Let y be h(-9). What is w(y)?
-85
Let r be 10/6*(17 + -20). Let t(y) = y**2 + 7*y + 6. Let w(n) = -1 - 4 - n**2 + 0*n**2 + 2*n - 8*n. Let h(s) = r*t(s) - 6*w(s). Determine h(1).
2
Let z(w) = -6*w - 3. Let m(s) = 17*s + 8. Let x(b) = 3*m(b) + 8*z(b). Let t = 379 + -779. Let f = -405 - t. What is x(f)?
-15
Let t(x) be the third derivative of 145*x**2 + 0 - 7/24*x**4 + 0*x - 1/60*x**5 - 5/6*x**3. Give t(-4).
7
Let l(y) = -2*y**2 + 3*y + 23. Let r = -22745 + 22745. Calculate l(r).
23
Let q(y) = y**3 - 6*y**2 - y + 3. Let r = -22970 + 22976. Give q(r).
-3
Let h(j) be the second derivative of j**4/12 + 17*j**3/6 - 58*j**2 - 4*j + 7. Let a be h(-22). Let y(b) = 2*b**2 + 9*b + 2. Give y(a).
20
Let c(x) = -65 - 17*x**2 - 10*x**2 + 28*x**2 + 17*x. Calculate c(-20).
-5
Let r(d) = 213*d + 5. Let n(q) = -5215*q - 119. Let m(l) = -2*n(l) - 49*r(l). Calculate m(-2).
7
Let a(c) = c**3 + 8*c**2 + 2*c - 1. Let b be (-6)/(-12)*-62 + (2 - 0). Let m = b - -21. Determine a(m).
-17
Let y = 7 - 4. Suppose y*x + 20 = -x. Let l(u) = -3*u + 2*u + 3*u + 131 - 3*u - 130. Determine l(x).
6
Let i(p) = -3*p**3 - 12*p**2 - 25*p - 20. Let b(d) = 4*d**3 + 11*d**2 + 25*d + 15. Let z(g) = -2*b(g) - 3*i(g). Determine z(-12).
18
Let h(j) = -j - 13. Let k be h(-10). Let z(l) be the third derivative of l**5/30 - l**4/24 + l**3/2 - 1107*l**2 + 1. Calculate z(k).
24
Let n(y) = -y**3 - 5*y**2 + 9*y + 6. Let b(x) = -40 - 8 + 370*x - 364*x. Let j be b(7). What is n(j)?
-12
Let v = -209 - -213. Let l be (-5)/1*v/(-4) + -13. Let o(c) = c**3 + 8*c**2 - 1. Give o(l).
-1
Suppose 7 = 5*r + 17, 20 = 4*q + 4*r. Let o(j) = -4*j**2 + 0*j - j**3 - q + j + j. Suppose 14*t + 66 = -14 + 10. Determine o(t).
8
Let i(a) = -2*a**2 + 5*a + 4. Let f(r) = r**3 - 67*r**2 - 26*r + 1742. Let j be f(67). What is i(j)?
4
Let f(z) = 6*z**3 - 3*z**2 + 7*z + 1. Let b(k) be the first derivative of 7*k**4/4 - 2*k**3/3 + 4*k**2 - 22. Let u(w) = 4*b(w) - 5*f(w). What is u(4)?
-33
Suppose 38*h + 3*c + 12 = 42*h, 0 = -5*h + c + 37. Let z(x) = -x**3 + 8*x**2 + 12*x - 9. Determine z(h).
18
Let m(x) = -x - 6. Let n(y) = y + 31. Let g(i) = 2*m(i) - n(i). Let v be g(-13). Let a(t) = -t**2 - t + 3. Give a(v).
-9
Let f(h) = -h - 1. Let r(c) = c**3 - 14*c**2 - 15*c - 4. Let o be r(15). Let y be (4/o)/(2/(-6)). Suppose -u - 2*n + 9 = -n, 4*n = y*u + 1. Calculate f(u).
-6
Let i(f) = 4*f**2 - 1. Let m be i(-1). Suppose -2*n = -m*n + 3. Let p(q) = 40*q + 128. Let x(d) = 19*d + 61. Let j(a) = 10*p(a) - 21*x(a). Give j(n).
2
Let n(f) be the third derivative of -f**5/60 + 3*f**4/4 + f**3 - 12*f**2 - 5. Determine n(0).
6
Let u be (-32)/112 + (-180)/7. Let t be u/4 + (-21)/(-42). Let s(g) = -g**3 - 7*g**2 - 4*g + 17. Let h be s(t). Let n(j) = -j**2 + 5*j. Give n(h).
0
Let g(r) = -r**2 - 2. Suppose b = -5*p - 2*b + 103, 0 = -3*b + 3. Let t(d) = p*d + 22*d + 14*d - d**2 - 72*d - 25. Let x be t(-14). Calculate g(x).
-11
Suppose -41*o = -79*o + 36*o. Let c(d) = d + 70. Give c(o).
70
Suppose 0 = -17*c + 12*c - m + 9, c - 5 =